95 and 4515.
105
Calculate the highest common factor of 1728 and 459.
27
What is the highest common factor of 2760 and 9320?
40
What is the highest common factor of 352974 and 534?
534
Calculate the greatest common factor of 13896 and 1494.
18
Calculate the greatest common factor of 124 and 1829.
31
What is the highest common divisor of 23850 and 2250?
450
Calculate the highest common factor of 140712 and 176.
88
Calculate the greatest common factor of 274 and 6217334.
274
What is the highest common factor of 975108 and 4?
4
Calculate the highest common factor of 173985 and 105.
105
Calculate the highest common divisor of 782 and 1382185.
391
Calculate the greatest common divisor of 6860 and 1666.
98
Calculate the greatest common factor of 70 and 8666.
14
What is the greatest common divisor of 8644046 and 269?
269
What is the greatest common divisor of 2750 and 2002750?
250
What is the highest common factor of 17440 and 36320?
160
What is the highest common factor of 10592 and 752?
16
Calculate the highest common factor of 527626 and 1914.
638
Calculate the highest common divisor of 2916 and 164.
4
Calculate the greatest common divisor of 728 and 2072.
56
Calculate the highest common divisor of 280 and 73472.
56
Calculate the greatest common divisor of 14760 and 7785.
45
Calculate the highest common factor of 16 and 2015832.
8
What is the highest common factor of 3263 and 676?
13
What is the greatest common factor of 553 and 20594?
7
What is the greatest common divisor of 75 and 276645?
15
What is the highest common factor of 58 and 7589909?
29
What is the highest common factor of 1651 and 26924?
127
What is the greatest common factor of 34118 and 28?
14
What is the greatest common divisor of 390 and 215?
5
What is the highest common factor of 16114019 and 683?
683
Calculate the highest common divisor of 23772 and 840.
84
What is the greatest common divisor of 2958 and 629?
17
What is the greatest common divisor of 1902449 and 293?
293
What is the greatest common factor of 222 and 43734?
222
What is the greatest common divisor of 24865 and 25?
5
What is the highest common divisor of 66 and 60951?
33
What is the highest common divisor of 1292123 and 5516?
1379
What is the highest common divisor of 20240 and 2068?
44
What is the highest common divisor of 41087 and 227?
227
What is the greatest common divisor of 5880 and 12360?
120
What is the greatest common factor of 43 and 162067?
43
What is the greatest common factor of 676 and 472?
4
What is the highest common factor of 209570 and 380?
190
What is the highest common divisor of 686 and 4692926?
686
What is the greatest common divisor of 36 and 280107?
9
What is the highest common factor of 3880 and 40?
40
Calculate the highest common divisor of 350 and 290.
10
What is the highest common divisor of 1026212 and 11869?
913
Calculate the greatest common divisor of 592 and 1369.
37
What is the greatest common factor of 161504 and 2548?
196
Calculate the highest common divisor of 1967 and 148649.
281
What is the greatest common factor of 12 and 103398?
6
Calculate the greatest common divisor of 3038 and 14105.
217
Calculate the greatest common factor of 1550 and 2050.
50
What is the greatest common factor of 426 and 76467?
213
What is the greatest common factor of 1099787 and 11284?
403
Calculate the greatest common divisor of 3277679 and 106.
53
Calculate the greatest common factor of 30 and 1344.
6
Calculate the greatest common divisor of 202230 and 749.
749
Calculate the highest common factor of 5836 and 436.
4
What is the greatest common factor of 47880 and 12180?
420
What is the highest common divisor of 112613 and 266?
19
What is the highest common divisor of 349479 and 1287?
117
Calculate the highest common divisor of 122 and 28731.
61
Calculate the greatest common divisor of 29227 and 11.
11
Calculate the greatest common factor of 144 and 17244.
36
Calculate the highest common divisor of 3895 and 1845.
205
What is the greatest common divisor of 942 and 138?
6
What is the greatest common factor of 293636 and 84?
28
What is the highest common factor of 234 and 245934?
234
Calculate the highest common factor of 432032 and 736.
736
What is the greatest common factor of 216 and 95580?
108
What is the highest common divisor of 552 and 15824?
184
Calculate the highest common divisor of 35150 and 19.
19
Calculate the highest common factor of 228669 and 21.
21
What is the highest common divisor of 16490 and 54320?
970
Calculate the highest common factor of 99 and 663102.
99
What is the highest common divisor of 9 and 111789?
9
Calculate the highest common divisor of 17 and 29376.
17
Calculate the greatest common divisor of 6 and 55353.
3
Calculate the highest common factor of 6 and 24762.
6
Calculate the highest common factor of 3549 and 21.
21
What is the greatest common divisor of 30 and 2835?
15
Calculate the greatest common factor of 1925 and 42175.
175
Calculate the highest common divisor of 285698 and 42.
14
Calculate the highest common factor of 9908 and 68.
4
Calculate the greatest common divisor of 306 and 3123.
9
What is the greatest common factor of 77439 and 249?
249
What is the greatest common factor of 32 and 14096?
16
What is the greatest common divisor of 3127 and 16638?
59
What is the highest common factor of 250408 and 565?
113
What is the greatest common divisor of 3073 and 237499?
439
Calculate the highest common divisor of 18 and 435870.
18
What is the highest common factor of 74499 and 285?
57
Calculate the greatest common divisor of 713581 and 11.
11
Calculate the greatest common divisor of 128 and 5272.
8
Calculate the greatest common factor of 139782 and 30.
6
What is the greatest common divisor of 2263193 and 201?
67
What is the greatest common divisor of 3031 and 2170?
7
What is the greatest common factor of 28 and 19670?
14
What is the highest common factor of 8 and 2068888?
8
What is the greatest common factor of 57155 and 230?
115
Calculate the highest common factor of 1990 and 675.
5
What is the highest common divisor of 486 and 106254?
18
Calculate the greatest common divisor of 2345 and 36180.
335
What is the greatest common factor of 54186 and 44?
22
Calculate the greatest common divisor of 1220 and 100101.
61
What is the highest common factor of 156 and 91026?
78
Calculate the greatest common factor of 64 and 12275328.
64
What is the highest common factor of 90 and 162135?
45
What is the greatest common factor of 9612 and 27?
27
What is the highest common divisor of 457 and 3469544?
457
Calculate the highest common divisor of 86528 and 48.
16
Calculate the greatest common divisor of 2545713 and 2196.
549
Calculate the highest common divisor of 12 and 62778.
6
What is the highest common factor of 43 and 881?
1
What is the greatest common divisor of 2946120 and 240?
120
What is the highest common factor of 278080 and 1056?
352
Calculate the greatest common factor of 4220 and 108243.
211
Calculate the highest common factor of 1 and 764.
1
Calculate the greatest common divisor of 56040 and 18.
6
Calculate the highest common factor of 16 and 30400.
16
What is the highest common factor of 15503 and 2479?
37
What is the highest common divisor of 11374 and 16698?
242
Calculate the greatest common factor of 3162 and 7344.
102
What is the highest common factor of 550790 and 10?
10
What is the greatest common factor of 5 and 11989?
1
Calculate the greatest common divisor of 254 and 151511.
127
Calculate the highest common divisor of 28836 and 45684.
324
What is the greatest common divisor of 42018 and 4606?
94
What is the highest common factor of 14204 and 25122?
106
What is the highest common divisor of 383 and 239?
1
What is the greatest common divisor of 1340 and 127635?
335
Calculate the highest common divisor of 105 and 2923809.
21
What is the greatest common factor of 4144 and 5032?
296
Calculate the highest common factor of 264460 and 455.
35
What is the highest common divisor of 13377 and 6?
3
What is the greatest common divisor of 227009 and 548?
137
Calculate the highest common divisor of 965690 and 55.
55
Calculate the greatest common factor of 201875 and 3125.
625
What is the highest common factor of 114 and 1615?
19
Calculate the highest common factor of 168